{"id":10,"date":"2023-11-03T20:37:27","date_gmt":"2023-11-03T19:37:27","guid":{"rendered":"https:\/\/karolinamudlo-glagolska.pl\/?page_id=10"},"modified":"2024-04-24T11:59:45","modified_gmt":"2024-04-24T09:59:45","slug":"psycholog-dr-karolina-mudlo-glagolska","status":"publish","type":"page","link":"https:\/\/karolinamudlo-glagolska.pl\/","title":{"rendered":"dr Karolina Mud\u0142o-G\u0142agolska"},"content":{"rendered":"\n<p class=\"has-small-font-size\">Doktor nauk spo\u0142ecznych w dyscyplinie psychologia. Psycholog &#8211; badacz i psycholog &#8211; praktyk. Jestem zatrudniona na stanowisku adiunkta w <strong>Katedrze Psychologii Pracy i Organizacji<\/strong> przy <strong>Wydziale Psychologii Uniwersytetu Kazimierza Wielkiego<\/strong> i wyk\u0142adowcy w <strong>Wy\u017cszej Szkole Nauk Pedagogicznych w\u00a0Warszawie<\/strong>. Mam szerokie do\u015bwiadczenie dydaktyczne oraz badawcze. Opublikowa\u0142am szereg prac badawczych w wysoko punktowanych\u00a0czasopismach naukowych (sprawd\u017a tutaj: <a href=\"http:\/\/bibliografia.ukw.edu.pl\/index.html\" target=\"_blank\" rel=\"noreferrer noopener\">http:\/\/bibliografia.ukw.edu.pl\/index.html<\/a>). Regularnie czynnie uczestnicz\u0119 w konferencjach naukowych.\u00a0<\/p>\n\n\n\n<p class=\"has-small-font-size\">Natomiast do\u015bwiadczenie praktyczne zdobywam pracuj\u0105c na stanowisku psychologa w szko\u0142ach podstawowych oraz m\u0142odzie\u017cowym o\u015brodku socjoterapii, w kt\u00f3rym wspieram ch\u0142opc\u00f3w z zagro\u017ceniem niedostosowania spo\u0142ecznego. By\u0142am g\u0142\u00f3wnym realizatorem&nbsp;akcji \u201eBy by\u0107 bli\u017cej..\u201d, kt\u00f3ra mia\u0142a na celu wsparcie zdrowia psychicznego dzieci (<a href=\"http:\/\/biuroprasowe.kronospan.pl\/141542-by-byc-blizej-dzieci-rodzicow-i-nauczycieli\" target=\"_blank\" rel=\"noreferrer noopener\">http:\/\/biuroprasowe.kronospan.pl\/141542-by-byc-blizej-dzieci-rodzicow-i-nauczycieli<\/a>).<\/p>\n\n\n\n<p class=\"has-small-font-size\">Uko\u0144czy\u0142am studia podyplomowe z zakresu doradztwa zawodowego oraz integracji sensorycznej z terapi\u0105 r\u0119ki.&nbsp;<\/p>\n\n\n\n<figure class=\"wp-block-gallery has-nested-images columns-4 is-cropped wp-block-gallery-1 is-layout-flex wp-block-gallery-is-layout-flex\">\n<figure class=\"wp-block-image size-full\"><img fetchpriority=\"high\" decoding=\"async\" width=\"1134\" height=\"1134\" data-id=\"164\" src=\"https:\/\/karolinamudlo-glagolska.pl\/wp-content\/uploads\/2024\/02\/karolina.png\" alt=\"\" class=\"wp-image-164\" srcset=\"https:\/\/karolinamudlo-glagolska.pl\/wp-content\/uploads\/2024\/02\/karolina.png 1134w, https:\/\/karolinamudlo-glagolska.pl\/wp-content\/uploads\/2024\/02\/karolina-300x300.png 300w, https:\/\/karolinamudlo-glagolska.pl\/wp-content\/uploads\/2024\/02\/karolina-1024x1024.png 1024w, https:\/\/karolinamudlo-glagolska.pl\/wp-content\/uploads\/2024\/02\/karolina-150x150.png 150w, https:\/\/karolinamudlo-glagolska.pl\/wp-content\/uploads\/2024\/02\/karolina-768x768.png 768w, https:\/\/karolinamudlo-glagolska.pl\/wp-content\/uploads\/2024\/02\/karolina-100x100.png 100w\" sizes=\"(max-width: 767px) 89vw, (max-width: 1000px) 54vw, (max-width: 1071px) 543px, 580px\" \/><\/figure>\n\n\n\n<figure class=\"wp-block-image size-full\"><img decoding=\"async\" width=\"946\" height=\"946\" data-id=\"104\" src=\"https:\/\/karolinamudlo-glagolska.pl\/wp-content\/uploads\/2023\/11\/k4.png\" alt=\"\" class=\"wp-image-104\" srcset=\"https:\/\/karolinamudlo-glagolska.pl\/wp-content\/uploads\/2023\/11\/k4.png 946w, https:\/\/karolinamudlo-glagolska.pl\/wp-content\/uploads\/2023\/11\/k4-300x300.png 300w, https:\/\/karolinamudlo-glagolska.pl\/wp-content\/uploads\/2023\/11\/k4-150x150.png 150w, https:\/\/karolinamudlo-glagolska.pl\/wp-content\/uploads\/2023\/11\/k4-768x768.png 768w, https:\/\/karolinamudlo-glagolska.pl\/wp-content\/uploads\/2023\/11\/k4-100x100.png 100w\" sizes=\"(max-width: 767px) 89vw, (max-width: 1000px) 54vw, (max-width: 1071px) 543px, 580px\" \/><\/figure>\n\n\n\n<figure class=\"wp-block-image size-full\"><img decoding=\"async\" width=\"946\" height=\"946\" data-id=\"101\" src=\"https:\/\/karolinamudlo-glagolska.pl\/wp-content\/uploads\/2023\/11\/k2.png\" alt=\"\" class=\"wp-image-101\" srcset=\"https:\/\/karolinamudlo-glagolska.pl\/wp-content\/uploads\/2023\/11\/k2.png 946w, https:\/\/karolinamudlo-glagolska.pl\/wp-content\/uploads\/2023\/11\/k2-300x300.png 300w, https:\/\/karolinamudlo-glagolska.pl\/wp-content\/uploads\/2023\/11\/k2-150x150.png 150w, https:\/\/karolinamudlo-glagolska.pl\/wp-content\/uploads\/2023\/11\/k2-768x768.png 768w, https:\/\/karolinamudlo-glagolska.pl\/wp-content\/uploads\/2023\/11\/k2-100x100.png 100w\" sizes=\"(max-width: 767px) 89vw, (max-width: 1000px) 54vw, (max-width: 1071px) 543px, 580px\" \/><\/figure>\n\n\n\n<figure class=\"wp-block-image size-full\"><img loading=\"lazy\" decoding=\"async\" width=\"946\" height=\"946\" data-id=\"102\" src=\"https:\/\/karolinamudlo-glagolska.pl\/wp-content\/uploads\/2023\/11\/k3.png\" alt=\"\" class=\"wp-image-102\" srcset=\"https:\/\/karolinamudlo-glagolska.pl\/wp-content\/uploads\/2023\/11\/k3.png 946w, https:\/\/karolinamudlo-glagolska.pl\/wp-content\/uploads\/2023\/11\/k3-300x300.png 300w, https:\/\/karolinamudlo-glagolska.pl\/wp-content\/uploads\/2023\/11\/k3-150x150.png 150w, https:\/\/karolinamudlo-glagolska.pl\/wp-content\/uploads\/2023\/11\/k3-768x768.png 768w, https:\/\/karolinamudlo-glagolska.pl\/wp-content\/uploads\/2023\/11\/k3-100x100.png 100w\" sizes=\"(max-width: 767px) 89vw, (max-width: 1000px) 54vw, (max-width: 1071px) 543px, 580px\" \/><\/figure>\n<\/figure>\n","protected":false},"excerpt":{"rendered":"<p>Doktor nauk spo\u0142ecznych w dyscyplinie psychologia. Psycholog &#8211; badacz i psycholog &#8211; praktyk. Jestem zatrudniona na stanowisku adiunkta w Katedrze Psychologii Pracy i Organizacji przy Wydziale Psychologii Uniwersytetu Kazimierza Wielkiego i wyk\u0142adowcy w Wy\u017cszej Szkole Nauk Pedagogicznych w\u00a0Warszawie. Mam szerokie do\u015bwiadczenie dydaktyczne oraz badawcze. Opublikowa\u0142am szereg prac badawczych w wysoko punktowanych\u00a0czasopismach naukowych (sprawd\u017a tutaj: http:\/\/bibliografia.ukw.edu.pl\/index.html). &hellip; <\/p>\n<p class=\"link-more\"><a href=\"https:\/\/karolinamudlo-glagolska.pl\/\" class=\"more-link\">Continue reading<span class=\"screen-reader-text\"> &#8220;dr Karolina Mud\u0142o-G\u0142agolska&#8221;<\/span><\/a><\/p>\n","protected":false},"author":1,"featured_media":0,"parent":0,"menu_order":0,"comment_status":"closed","ping_status":"closed","template":"","meta":{"footnotes":""},"class_list":["post-10","page","type-page","status-publish","hentry"],"yoast_head":"<!-- This site is optimized with the Yoast SEO plugin v21.5 - https:\/\/yoast.com\/wordpress\/plugins\/seo\/ -->\n<title>Psycholog Z\u0142ot\u00f3w, Pi\u0142a, Wa\u0142cz dr Karolina Mud\u0142o-G\u0142agolska,<\/title>\n<meta name=\"description\" content=\"Psycholog Z\u0142ot\u00f3w, Pi\u0142a, Wa\u0142cz - dr Karolina Mud\u0142o-G\u0142agolska Psycholog - badacz i psycholog Pomoc psychologiczna dla nastolatk\u00f3w i doros\u0142ych\" \/>\n<meta name=\"robots\" content=\"index, follow, max-snippet:-1, max-image-preview:large, max-video-preview:-1\" \/>\n<link rel=\"canonical\" href=\"https:\/\/karolinamudlo-glagolska.pl\/\" \/>\n<meta property=\"og:locale\" content=\"en_US\" \/>\n<meta property=\"og:type\" content=\"article\" \/>\n<meta property=\"og:title\" content=\"Psycholog Z\u0142ot\u00f3w, Pi\u0142a, Wa\u0142cz dr Karolina Mud\u0142o-G\u0142agolska,\" \/>\n<meta property=\"og:description\" content=\"Psycholog Z\u0142ot\u00f3w, Pi\u0142a, Wa\u0142cz - dr Karolina Mud\u0142o-G\u0142agolska Psycholog - badacz i psycholog Pomoc psychologiczna dla nastolatk\u00f3w i doros\u0142ych\" \/>\n<meta property=\"og:url\" content=\"https:\/\/karolinamudlo-glagolska.pl\/\" \/>\n<meta property=\"article:modified_time\" content=\"2024-04-24T09:59:45+00:00\" \/>\n<meta property=\"og:image\" content=\"https:\/\/karolinamudlo-glagolska.pl\/wp-content\/uploads\/2024\/02\/karolina.png\" \/>\n<meta name=\"twitter:card\" content=\"summary_large_image\" \/>\n<meta name=\"twitter:label1\" content=\"Est. reading time\" \/>\n\t<meta name=\"twitter:data1\" content=\"2 minutes\" \/>\n<script type=\"application\/ld+json\" class=\"yoast-schema-graph\">{\"@context\":\"https:\/\/schema.org\",\"@graph\":[{\"@type\":\"WebPage\",\"@id\":\"https:\/\/karolinamudlo-glagolska.pl\/\",\"url\":\"https:\/\/karolinamudlo-glagolska.pl\/\",\"name\":\"Psycholog Z\u0142ot\u00f3w, Pi\u0142a, Wa\u0142cz dr Karolina Mud\u0142o-G\u0142agolska,\",\"isPartOf\":{\"@id\":\"https:\/\/karolinamudlo-glagolska.pl\/#website\"},\"datePublished\":\"2023-11-03T19:37:27+00:00\",\"dateModified\":\"2024-04-24T09:59:45+00:00\",\"description\":\"Psycholog Z\u0142ot\u00f3w, Pi\u0142a, Wa\u0142cz - dr Karolina Mud\u0142o-G\u0142agolska Psycholog - badacz i psycholog Pomoc psychologiczna dla nastolatk\u00f3w i doros\u0142ych\",\"breadcrumb\":{\"@id\":\"https:\/\/karolinamudlo-glagolska.pl\/#breadcrumb\"},\"inLanguage\":\"en-US\",\"potentialAction\":[{\"@type\":\"ReadAction\",\"target\":[\"https:\/\/karolinamudlo-glagolska.pl\/\"]}]},{\"@type\":\"BreadcrumbList\",\"@id\":\"https:\/\/karolinamudlo-glagolska.pl\/#breadcrumb\",\"itemListElement\":[{\"@type\":\"ListItem\",\"position\":1,\"name\":\"Home\",\"item\":\"https:\/\/karolinamudlo-glagolska.pl\/\"},{\"@type\":\"ListItem\",\"position\":2,\"name\":\"dr Karolina Mud\u0142o-G\u0142agolska\"}]},{\"@type\":\"WebSite\",\"@id\":\"https:\/\/karolinamudlo-glagolska.pl\/#website\",\"url\":\"https:\/\/karolinamudlo-glagolska.pl\/\",\"name\":\"\",\"description\":\"\",\"potentialAction\":[{\"@type\":\"SearchAction\",\"target\":{\"@type\":\"EntryPoint\",\"urlTemplate\":\"https:\/\/karolinamudlo-glagolska.pl\/?s={search_term_string}\"},\"query-input\":\"required name=search_term_string\"}],\"inLanguage\":\"en-US\"}]}<\/script>\n<!-- \/ Yoast SEO plugin. -->","yoast_head_json":{"title":"Psycholog Z\u0142ot\u00f3w, Pi\u0142a, Wa\u0142cz dr Karolina Mud\u0142o-G\u0142agolska,","description":"Psycholog Z\u0142ot\u00f3w, Pi\u0142a, Wa\u0142cz - dr Karolina Mud\u0142o-G\u0142agolska Psycholog - badacz i psycholog Pomoc psychologiczna dla nastolatk\u00f3w i doros\u0142ych","robots":{"index":"index","follow":"follow","max-snippet":"max-snippet:-1","max-image-preview":"max-image-preview:large","max-video-preview":"max-video-preview:-1"},"canonical":"https:\/\/karolinamudlo-glagolska.pl\/","og_locale":"en_US","og_type":"article","og_title":"Psycholog Z\u0142ot\u00f3w, Pi\u0142a, Wa\u0142cz dr Karolina Mud\u0142o-G\u0142agolska,","og_description":"Psycholog Z\u0142ot\u00f3w, Pi\u0142a, Wa\u0142cz - dr Karolina Mud\u0142o-G\u0142agolska Psycholog - badacz i psycholog Pomoc psychologiczna dla nastolatk\u00f3w i doros\u0142ych","og_url":"https:\/\/karolinamudlo-glagolska.pl\/","article_modified_time":"2024-04-24T09:59:45+00:00","og_image":[{"url":"https:\/\/karolinamudlo-glagolska.pl\/wp-content\/uploads\/2024\/02\/karolina.png"}],"twitter_card":"summary_large_image","twitter_misc":{"Est. reading time":"2 minutes"},"schema":{"@context":"https:\/\/schema.org","@graph":[{"@type":"WebPage","@id":"https:\/\/karolinamudlo-glagolska.pl\/","url":"https:\/\/karolinamudlo-glagolska.pl\/","name":"Psycholog Z\u0142ot\u00f3w, Pi\u0142a, Wa\u0142cz dr Karolina Mud\u0142o-G\u0142agolska,","isPartOf":{"@id":"https:\/\/karolinamudlo-glagolska.pl\/#website"},"datePublished":"2023-11-03T19:37:27+00:00","dateModified":"2024-04-24T09:59:45+00:00","description":"Psycholog Z\u0142ot\u00f3w, Pi\u0142a, Wa\u0142cz - dr Karolina Mud\u0142o-G\u0142agolska Psycholog - badacz i psycholog Pomoc psychologiczna dla nastolatk\u00f3w i doros\u0142ych","breadcrumb":{"@id":"https:\/\/karolinamudlo-glagolska.pl\/#breadcrumb"},"inLanguage":"en-US","potentialAction":[{"@type":"ReadAction","target":["https:\/\/karolinamudlo-glagolska.pl\/"]}]},{"@type":"BreadcrumbList","@id":"https:\/\/karolinamudlo-glagolska.pl\/#breadcrumb","itemListElement":[{"@type":"ListItem","position":1,"name":"Home","item":"https:\/\/karolinamudlo-glagolska.pl\/"},{"@type":"ListItem","position":2,"name":"dr Karolina Mud\u0142o-G\u0142agolska"}]},{"@type":"WebSite","@id":"https:\/\/karolinamudlo-glagolska.pl\/#website","url":"https:\/\/karolinamudlo-glagolska.pl\/","name":"","description":"","potentialAction":[{"@type":"SearchAction","target":{"@type":"EntryPoint","urlTemplate":"https:\/\/karolinamudlo-glagolska.pl\/?s={search_term_string}"},"query-input":"required name=search_term_string"}],"inLanguage":"en-US"}]}},"_links":{"self":[{"href":"https:\/\/karolinamudlo-glagolska.pl\/index.php?rest_route=\/wp\/v2\/pages\/10","targetHints":{"allow":["GET"]}}],"collection":[{"href":"https:\/\/karolinamudlo-glagolska.pl\/index.php?rest_route=\/wp\/v2\/pages"}],"about":[{"href":"https:\/\/karolinamudlo-glagolska.pl\/index.php?rest_route=\/wp\/v2\/types\/page"}],"author":[{"embeddable":true,"href":"https:\/\/karolinamudlo-glagolska.pl\/index.php?rest_route=\/wp\/v2\/users\/1"}],"replies":[{"embeddable":true,"href":"https:\/\/karolinamudlo-glagolska.pl\/index.php?rest_route=%2Fwp%2Fv2%2Fcomments&post=10"}],"version-history":[{"count":11,"href":"https:\/\/karolinamudlo-glagolska.pl\/index.php?rest_route=\/wp\/v2\/pages\/10\/revisions"}],"predecessor-version":[{"id":232,"href":"https:\/\/karolinamudlo-glagolska.pl\/index.php?rest_route=\/wp\/v2\/pages\/10\/revisions\/232"}],"wp:attachment":[{"href":"https:\/\/karolinamudlo-glagolska.pl\/index.php?rest_route=%2Fwp%2Fv2%2Fmedia&parent=10"}],"curies":[{"name":"wp","href":"https:\/\/api.w.org\/{rel}","templated":true}]}}