{"id":14,"date":"2023-11-03T20:37:27","date_gmt":"2023-11-03T19:37:27","guid":{"rendered":"https:\/\/karolinamudlo-glagolska.pl\/?page_id=14"},"modified":"2024-04-24T11:13:05","modified_gmt":"2024-04-24T09:13:05","slug":"pomoc-psychologiczna-dla-doroslych","status":"publish","type":"page","link":"https:\/\/karolinamudlo-glagolska.pl\/?page_id=14","title":{"rendered":"Pomoc psychologiczna dla doros\u0142ych"},"content":{"rendered":"\n<p class=\"has-small-font-size\">Pomoc psychologiczna dla doros\u0142ych obejmuje szeroki zakres form i metod terapeutycznych, kt\u00f3re maj\u0105 na celu popraw\u0119 ich dobrostanu emocjonalnego, radzenie sobie z trudno\u015bciami \u017cyciowymi oraz osi\u0105ganie pe\u0142niejszego i satysfakcjonuj\u0105cego&nbsp;\u017cycia.<\/p>\n\n\n\n<p class=\"has-small-font-size\">Oferuj\u0119\u00a0pomoc psychologiczn\u0105 dla doros\u0142ych\u00a0zmagaj\u0105cych si\u0119 z trudno\u015bciami, mi\u0119dzy innymi takimi jak depresja, nerwica, l\u0119k i niepok\u00f3j, trudno\u015bci i kryzysy emocjonalne, brak motywacji do dzia\u0142ania, poczucie utraty sensu \u017cycia, kryzysy w relacjach, poczucie niskiej warto\u015bci, stres, niepewno\u015b\u0107 w kszta\u0142towaniu swojej drogi zawodowej czy dolegliwo\u015bci somatyczne o pod\u0142o\u017cu psychogennym.<\/p>\n\n\n\n<figure class=\"wp-block-gallery has-nested-images columns-default is-cropped wp-block-gallery-1 is-layout-flex wp-block-gallery-is-layout-flex\">\n<figure class=\"wp-block-image size-large\"><a href=\"https:\/\/karolinamudlo-glagolska.pl\/?page_id=75\"><img fetchpriority=\"high\" decoding=\"async\" width=\"1024\" height=\"145\" data-id=\"220\" src=\"https:\/\/karolinamudlo-glagolska.pl\/wp-content\/uploads\/2024\/04\/UMOW-WIZYTE-M-1024x145.png\" alt=\"\" class=\"wp-image-220\" srcset=\"https:\/\/karolinamudlo-glagolska.pl\/wp-content\/uploads\/2024\/04\/UMOW-WIZYTE-M-1024x145.png 1024w, https:\/\/karolinamudlo-glagolska.pl\/wp-content\/uploads\/2024\/04\/UMOW-WIZYTE-M-300x42.png 300w, https:\/\/karolinamudlo-glagolska.pl\/wp-content\/uploads\/2024\/04\/UMOW-WIZYTE-M-768x109.png 768w, https:\/\/karolinamudlo-glagolska.pl\/wp-content\/uploads\/2024\/04\/UMOW-WIZYTE-M-1536x217.png 1536w, https:\/\/karolinamudlo-glagolska.pl\/wp-content\/uploads\/2024\/04\/UMOW-WIZYTE-M-2048x289.png 2048w\" sizes=\"(max-width: 767px) 89vw, (max-width: 1000px) 54vw, (max-width: 1071px) 543px, 580px\" \/><\/a><\/figure>\n<\/figure>\n\n\n\n<figure class=\"wp-block-gallery has-nested-images columns-4 is-cropped wp-block-gallery-2 is-layout-flex wp-block-gallery-is-layout-flex\">\n<figure class=\"wp-block-image size-full\"><img decoding=\"async\" width=\"946\" height=\"946\" data-id=\"86\" src=\"https:\/\/karolinamudlo-glagolska.pl\/wp-content\/uploads\/2023\/11\/d1.png\" alt=\"\" class=\"wp-image-86\" srcset=\"https:\/\/karolinamudlo-glagolska.pl\/wp-content\/uploads\/2023\/11\/d1.png 946w, https:\/\/karolinamudlo-glagolska.pl\/wp-content\/uploads\/2023\/11\/d1-300x300.png 300w, https:\/\/karolinamudlo-glagolska.pl\/wp-content\/uploads\/2023\/11\/d1-150x150.png 150w, https:\/\/karolinamudlo-glagolska.pl\/wp-content\/uploads\/2023\/11\/d1-768x768.png 768w, https:\/\/karolinamudlo-glagolska.pl\/wp-content\/uploads\/2023\/11\/d1-100x100.png 100w\" sizes=\"(max-width: 767px) 89vw, (max-width: 1000px) 54vw, (max-width: 1071px) 543px, 580px\" \/><\/figure>\n\n\n\n<figure class=\"wp-block-image size-full\"><img decoding=\"async\" width=\"945\" height=\"946\" data-id=\"87\" src=\"https:\/\/karolinamudlo-glagolska.pl\/wp-content\/uploads\/2023\/11\/d2.png\" alt=\"\" class=\"wp-image-87\" srcset=\"https:\/\/karolinamudlo-glagolska.pl\/wp-content\/uploads\/2023\/11\/d2.png 945w, https:\/\/karolinamudlo-glagolska.pl\/wp-content\/uploads\/2023\/11\/d2-300x300.png 300w, https:\/\/karolinamudlo-glagolska.pl\/wp-content\/uploads\/2023\/11\/d2-150x150.png 150w, https:\/\/karolinamudlo-glagolska.pl\/wp-content\/uploads\/2023\/11\/d2-768x769.png 768w, https:\/\/karolinamudlo-glagolska.pl\/wp-content\/uploads\/2023\/11\/d2-100x100.png 100w\" sizes=\"(max-width: 767px) 89vw, (max-width: 1000px) 54vw, (max-width: 1071px) 543px, 580px\" \/><\/figure>\n\n\n\n<figure class=\"wp-block-image size-full\"><img loading=\"lazy\" decoding=\"async\" width=\"946\" height=\"946\" data-id=\"89\" src=\"https:\/\/karolinamudlo-glagolska.pl\/wp-content\/uploads\/2023\/11\/d3.png\" alt=\"\" class=\"wp-image-89\" srcset=\"https:\/\/karolinamudlo-glagolska.pl\/wp-content\/uploads\/2023\/11\/d3.png 946w, https:\/\/karolinamudlo-glagolska.pl\/wp-content\/uploads\/2023\/11\/d3-300x300.png 300w, https:\/\/karolinamudlo-glagolska.pl\/wp-content\/uploads\/2023\/11\/d3-150x150.png 150w, https:\/\/karolinamudlo-glagolska.pl\/wp-content\/uploads\/2023\/11\/d3-768x768.png 768w, https:\/\/karolinamudlo-glagolska.pl\/wp-content\/uploads\/2023\/11\/d3-100x100.png 100w\" sizes=\"(max-width: 767px) 89vw, (max-width: 1000px) 54vw, (max-width: 1071px) 543px, 580px\" \/><\/figure>\n\n\n\n<figure class=\"wp-block-image size-full\"><img loading=\"lazy\" decoding=\"async\" width=\"946\" height=\"945\" data-id=\"90\" src=\"https:\/\/karolinamudlo-glagolska.pl\/wp-content\/uploads\/2023\/11\/d4.png\" alt=\"\" class=\"wp-image-90\" srcset=\"https:\/\/karolinamudlo-glagolska.pl\/wp-content\/uploads\/2023\/11\/d4.png 946w, https:\/\/karolinamudlo-glagolska.pl\/wp-content\/uploads\/2023\/11\/d4-300x300.png 300w, https:\/\/karolinamudlo-glagolska.pl\/wp-content\/uploads\/2023\/11\/d4-150x150.png 150w, https:\/\/karolinamudlo-glagolska.pl\/wp-content\/uploads\/2023\/11\/d4-768x767.png 768w, https:\/\/karolinamudlo-glagolska.pl\/wp-content\/uploads\/2023\/11\/d4-100x100.png 100w\" sizes=\"(max-width: 767px) 89vw, (max-width: 1000px) 54vw, (max-width: 1071px) 543px, 580px\" \/><\/figure>\n<\/figure>\n","protected":false},"excerpt":{"rendered":"<p>Pomoc psychologiczna dla doros\u0142ych obejmuje szeroki zakres form i metod terapeutycznych, kt\u00f3re maj\u0105 na celu popraw\u0119 ich dobrostanu emocjonalnego, radzenie sobie z trudno\u015bciami \u017cyciowymi oraz osi\u0105ganie pe\u0142niejszego i satysfakcjonuj\u0105cego&nbsp;\u017cycia. Oferuj\u0119\u00a0pomoc psychologiczn\u0105 dla doros\u0142ych\u00a0zmagaj\u0105cych si\u0119 z trudno\u015bciami, mi\u0119dzy innymi takimi jak depresja, nerwica, l\u0119k i niepok\u00f3j, trudno\u015bci i kryzysy emocjonalne, brak motywacji do dzia\u0142ania, poczucie utraty &hellip; <\/p>\n<p class=\"link-more\"><a href=\"https:\/\/karolinamudlo-glagolska.pl\/?page_id=14\" class=\"more-link\">Continue reading<span class=\"screen-reader-text\"> &#8220;Pomoc psychologiczna dla doros\u0142ych&#8221;<\/span><\/a><\/p>\n","protected":false},"author":1,"featured_media":80,"parent":0,"menu_order":0,"comment_status":"closed","ping_status":"closed","template":"","meta":{"footnotes":""},"class_list":["post-14","page","type-page","status-publish","has-post-thumbnail","hentry"],"yoast_head":"<!-- This site is optimized with the Yoast SEO plugin v21.5 - https:\/\/yoast.com\/wordpress\/plugins\/seo\/ -->\n<title>Pomoc psychologiczna dla doros\u0142ych karolinamudlo-glagolska.pl<\/title>\n<meta name=\"description\" content=\"pomoc psychologiczna dla doros\u0142ych\u00a0zmagaj\u0105cych si\u0119 z trudno\u015bciami takimi jak depresja, nerwica, l\u0119k i niepok\u00f3j, trudno\u015bci, kryzysy emocjonalne\" \/>\n<meta name=\"robots\" content=\"index, follow, max-snippet:-1, max-image-preview:large, max-video-preview:-1\" \/>\n<link rel=\"canonical\" href=\"https:\/\/karolinamudlo-glagolska.pl\/?page_id=14\" \/>\n<meta property=\"og:locale\" content=\"en_US\" \/>\n<meta property=\"og:type\" content=\"article\" \/>\n<meta property=\"og:title\" content=\"Pomoc psychologiczna dla doros\u0142ych karolinamudlo-glagolska.pl\" \/>\n<meta property=\"og:description\" content=\"pomoc psychologiczna dla doros\u0142ych\u00a0zmagaj\u0105cych si\u0119 z trudno\u015bciami takimi jak depresja, nerwica, l\u0119k i niepok\u00f3j, trudno\u015bci, kryzysy emocjonalne\" \/>\n<meta property=\"og:url\" content=\"https:\/\/karolinamudlo-glagolska.pl\/?page_id=14\" \/>\n<meta property=\"article:modified_time\" content=\"2024-04-24T09:13:05+00:00\" \/>\n<meta property=\"og:image\" content=\"https:\/\/karolinamudlo-glagolska.pl\/wp-content\/uploads\/2023\/11\/Pomoc-Dla-Doroslych-1024x418.png\" \/>\n\t<meta property=\"og:image:width\" content=\"1024\" \/>\n\t<meta property=\"og:image:height\" content=\"418\" \/>\n\t<meta property=\"og:image:type\" content=\"image\/png\" \/>\n<meta name=\"twitter:card\" content=\"summary_large_image\" \/>\n<meta name=\"twitter:label1\" content=\"Est. reading time\" \/>\n\t<meta name=\"twitter:data1\" content=\"2 minutes\" \/>\n<script type=\"application\/ld+json\" class=\"yoast-schema-graph\">{\"@context\":\"https:\/\/schema.org\",\"@graph\":[{\"@type\":\"WebPage\",\"@id\":\"https:\/\/karolinamudlo-glagolska.pl\/?page_id=14\",\"url\":\"https:\/\/karolinamudlo-glagolska.pl\/?page_id=14\",\"name\":\"Pomoc psychologiczna dla doros\u0142ych karolinamudlo-glagolska.pl\",\"isPartOf\":{\"@id\":\"https:\/\/karolinamudlo-glagolska.pl\/#website\"},\"datePublished\":\"2023-11-03T19:37:27+00:00\",\"dateModified\":\"2024-04-24T09:13:05+00:00\",\"description\":\"pomoc psychologiczna dla doros\u0142ych\u00a0zmagaj\u0105cych si\u0119 z trudno\u015bciami takimi jak depresja, nerwica, l\u0119k i niepok\u00f3j, trudno\u015bci, kryzysy emocjonalne\",\"breadcrumb\":{\"@id\":\"https:\/\/karolinamudlo-glagolska.pl\/?page_id=14#breadcrumb\"},\"inLanguage\":\"en-US\",\"potentialAction\":[{\"@type\":\"ReadAction\",\"target\":[\"https:\/\/karolinamudlo-glagolska.pl\/?page_id=14\"]}]},{\"@type\":\"BreadcrumbList\",\"@id\":\"https:\/\/karolinamudlo-glagolska.pl\/?page_id=14#breadcrumb\",\"itemListElement\":[{\"@type\":\"ListItem\",\"position\":1,\"name\":\"Home\",\"item\":\"https:\/\/karolinamudlo-glagolska.pl\/\"},{\"@type\":\"ListItem\",\"position\":2,\"name\":\"Pomoc psychologiczna dla doros\u0142ych\"}]},{\"@type\":\"WebSite\",\"@id\":\"https:\/\/karolinamudlo-glagolska.pl\/#website\",\"url\":\"https:\/\/karolinamudlo-glagolska.pl\/\",\"name\":\"\",\"description\":\"\",\"potentialAction\":[{\"@type\":\"SearchAction\",\"target\":{\"@type\":\"EntryPoint\",\"urlTemplate\":\"https:\/\/karolinamudlo-glagolska.pl\/?s={search_term_string}\"},\"query-input\":\"required name=search_term_string\"}],\"inLanguage\":\"en-US\"}]}<\/script>\n<!-- \/ Yoast SEO plugin. -->","yoast_head_json":{"title":"Pomoc psychologiczna dla doros\u0142ych karolinamudlo-glagolska.pl","description":"pomoc psychologiczna dla doros\u0142ych\u00a0zmagaj\u0105cych si\u0119 z trudno\u015bciami takimi jak depresja, nerwica, l\u0119k i niepok\u00f3j, trudno\u015bci, kryzysy emocjonalne","robots":{"index":"index","follow":"follow","max-snippet":"max-snippet:-1","max-image-preview":"max-image-preview:large","max-video-preview":"max-video-preview:-1"},"canonical":"https:\/\/karolinamudlo-glagolska.pl\/?page_id=14","og_locale":"en_US","og_type":"article","og_title":"Pomoc psychologiczna dla doros\u0142ych karolinamudlo-glagolska.pl","og_description":"pomoc psychologiczna dla doros\u0142ych\u00a0zmagaj\u0105cych si\u0119 z trudno\u015bciami takimi jak depresja, nerwica, l\u0119k i niepok\u00f3j, trudno\u015bci, kryzysy emocjonalne","og_url":"https:\/\/karolinamudlo-glagolska.pl\/?page_id=14","article_modified_time":"2024-04-24T09:13:05+00:00","og_image":[{"width":1024,"height":418,"url":"https:\/\/karolinamudlo-glagolska.pl\/wp-content\/uploads\/2023\/11\/Pomoc-Dla-Doroslych-1024x418.png","type":"image\/png"}],"twitter_card":"summary_large_image","twitter_misc":{"Est. reading time":"2 minutes"},"schema":{"@context":"https:\/\/schema.org","@graph":[{"@type":"WebPage","@id":"https:\/\/karolinamudlo-glagolska.pl\/?page_id=14","url":"https:\/\/karolinamudlo-glagolska.pl\/?page_id=14","name":"Pomoc psychologiczna dla doros\u0142ych karolinamudlo-glagolska.pl","isPartOf":{"@id":"https:\/\/karolinamudlo-glagolska.pl\/#website"},"datePublished":"2023-11-03T19:37:27+00:00","dateModified":"2024-04-24T09:13:05+00:00","description":"pomoc psychologiczna dla doros\u0142ych\u00a0zmagaj\u0105cych si\u0119 z trudno\u015bciami takimi jak depresja, nerwica, l\u0119k i niepok\u00f3j, trudno\u015bci, kryzysy emocjonalne","breadcrumb":{"@id":"https:\/\/karolinamudlo-glagolska.pl\/?page_id=14#breadcrumb"},"inLanguage":"en-US","potentialAction":[{"@type":"ReadAction","target":["https:\/\/karolinamudlo-glagolska.pl\/?page_id=14"]}]},{"@type":"BreadcrumbList","@id":"https:\/\/karolinamudlo-glagolska.pl\/?page_id=14#breadcrumb","itemListElement":[{"@type":"ListItem","position":1,"name":"Home","item":"https:\/\/karolinamudlo-glagolska.pl\/"},{"@type":"ListItem","position":2,"name":"Pomoc psychologiczna dla doros\u0142ych"}]},{"@type":"WebSite","@id":"https:\/\/karolinamudlo-glagolska.pl\/#website","url":"https:\/\/karolinamudlo-glagolska.pl\/","name":"","description":"","potentialAction":[{"@type":"SearchAction","target":{"@type":"EntryPoint","urlTemplate":"https:\/\/karolinamudlo-glagolska.pl\/?s={search_term_string}"},"query-input":"required name=search_term_string"}],"inLanguage":"en-US"}]}},"_links":{"self":[{"href":"https:\/\/karolinamudlo-glagolska.pl\/index.php?rest_route=\/wp\/v2\/pages\/14","targetHints":{"allow":["GET"]}}],"collection":[{"href":"https:\/\/karolinamudlo-glagolska.pl\/index.php?rest_route=\/wp\/v2\/pages"}],"about":[{"href":"https:\/\/karolinamudlo-glagolska.pl\/index.php?rest_route=\/wp\/v2\/types\/page"}],"author":[{"embeddable":true,"href":"https:\/\/karolinamudlo-glagolska.pl\/index.php?rest_route=\/wp\/v2\/users\/1"}],"replies":[{"embeddable":true,"href":"https:\/\/karolinamudlo-glagolska.pl\/index.php?rest_route=%2Fwp%2Fv2%2Fcomments&post=14"}],"version-history":[{"count":8,"href":"https:\/\/karolinamudlo-glagolska.pl\/index.php?rest_route=\/wp\/v2\/pages\/14\/revisions"}],"predecessor-version":[{"id":221,"href":"https:\/\/karolinamudlo-glagolska.pl\/index.php?rest_route=\/wp\/v2\/pages\/14\/revisions\/221"}],"wp:featuredmedia":[{"embeddable":true,"href":"https:\/\/karolinamudlo-glagolska.pl\/index.php?rest_route=\/wp\/v2\/media\/80"}],"wp:attachment":[{"href":"https:\/\/karolinamudlo-glagolska.pl\/index.php?rest_route=%2Fwp%2Fv2%2Fmedia&parent=14"}],"curies":[{"name":"wp","href":"https:\/\/api.w.org\/{rel}","templated":true}]}}